 is the units digit of 25076788?
8
What is the ten thousands digit of 108196433?
9
What is the tens digit of 2118154515?
1
What is the tens digit of 66100967?
6
What is the units digit of 69832122?
2
What is the units digit of 3086122198?
8
What is the units digit of 1846624512?
2
What is the hundred millions digit of 104663474?
1
What is the ten millions digit of 5394950277?
9
What is the millions digit of 76669778?
6
What is the tens digit of 1284259067?
6
What is the ten thousands digit of 271897871?
9
What is the units digit of 139615806?
6
What is the billions digit of 4020830804?
4
What is the ten thousands digit of 234148174?
4
What is the hundred thousands digit of 655679593?
6
What is the hundred thousands digit of 104795389?
7
What is the hundred thousands digit of 401258915?
2
What is the millions digit of 523492655?
3
What is the thousands digit of 86114863?
4
What is the millions digit of 576794718?
6
What is the hundred millions digit of 1707487529?
7
What is the ten thousands digit of 2722413701?
1
What is the thousands digit of 55396551?
6
What is the hundred thousands digit of 235880939?
8
What is the ten millions digit of 2077617494?
7
What is the millions digit of 94096516?
4
What is the hundred thousands digit of 1231684797?
6
What is the units digit of 100421541?
1
What is the units digit of 5117922639?
9
What is the millions digit of 3200977966?
0
What is the tens digit of 2638970245?
4
What is the units digit of 405970771?
1
What is the units digit of 418513697?
7
What is the hundred millions digit of 112992783?
1
What is the ten millions digit of 82908721?
8
What is the ten millions digit of 174999762?
7
What is the ten thousands digit of 131852902?
5
What is the ten thousands digit of 697491317?
9
What is the ten thousands digit of 310693847?
9
What is the thousands digit of 2926325892?
5
What is the tens digit of 242507835?
3
What is the tens digit of 85699686?
8
What is the ten thousands digit of 46485990?
8
What is the hundreds digit of 52028906?
9
What is the hundred thousands digit of 60754057?
7
What is the hundreds digit of 14030137?
1
What is the millions digit of 143089510?
3
What is the millions digit of 93397475?
3
What is the hundred thousands digit of 311366212?
3
What is the hundred thousands digit of 49362556?
3
What is the ten millions digit of 313444701?
1
What is the hundred millions digit of 125984449?
1
What is the tens digit of 87739042?
4
What is the tens digit of 180446184?
8
What is the hundreds digit of 1914287375?
3
What is the ten thousands digit of 161247534?
4
What is the millions digit of 80356110?
0
What is the hundreds digit of 8317211901?
9
What is the ten thousands digit of 330632003?
3
What is the millions digit of 544586386?
4
What is the ten thousands digit of 2819141?
1
What is the ten millions digit of 53092220?
5
What is the units digit of 54193431?
1
What is the ten millions digit of 3640354585?
4
What is the tens digit of 50911277?
7
What is the hundreds digit of 89477157?
1
What is the units digit of 483784024?
4
What is the units digit of 819671339?
9
What is the billions digit of 5855224814?
5
What is the tens digit of 373299783?
8
What is the units digit of 181486031?
1
What is the millions digit of 111273297?
1
What is the ten thousands digit of 362048214?
4
What is the hundred millions digit of 1186875444?
1
What is the ten millions digit of 271995045?
7
What is the hundreds digit of 3942028502?
5
What is the hundred thousands digit of 110756991?
7
What is the units digit of 1420153979?
9
What is the hundred thousands digit of 547613382?
6
What is the thousands digit of 57300837?
0
What is the tens digit of 1531275003?
0
What is the hundreds digit of 286510553?
5
What is the units digit of 347943586?
6
What is the hundreds digit of 2362664487?
4
What is the hundred millions digit of 917728703?
9
What is the tens digit of 85720784?
8
What is the units digit of 243059802?
2
What is the millions digit of 17664016?
7
What is the thousands digit of 557876997?
6
What is the ten thousands digit of 1280259504?
5
What is the millions digit of 76482924?
6
What is the millions digit of 5743456677?
3
What is the units digit of 58285230?
0
What is the ten thousands digit of 175148162?
4
What is the units digit of 60613212?
2
What is the units digit of 2553670148?
8
What is the hundred thousands digit of 2482066661?
0
What is the thousands digit of 4957429237?
9
What is the thousands digit of 78304171?
4
What is the hundred millions digit of 951246272?
9
What is the millions digit of 65389088?
5
What is the hundred millions digit of 2937014059?
9
What is the units digit of 43668648?
8
What is the units digit of 1251425654?
4
What is the hundreds digit of 11917285?
2
What is the hundred thousands digit of 2769085224?
0
What is the hundreds digit of 12702532?
5
What is the units digit of 139407468?
8
What is the billions digit of 2085010628?
2
What is the millions digit of 20520264?
0
What is the ten thousands digit of 11570732?
7
What is the tens digit of 15827575?
7
What is the ten thousands digit of 13166039?
6
What is the hundred millions digit of 177891062?
1
What is the hundreds digit of 134543945?
9
What is the ten thousands digit of 49092371?
9
What is the hundred thousands digit of 672175575?
1
What is the ten millions digit of 216309479?
1
What is the ten thousands digit of 314079962?
7
What is the tens digit of 1541075300?
0
What is the hundred thousands digit of 947642141?
6
What is the thousands digit of 697048559?
8
What is the hundred millions digit of 9213440602?
2
What is the hundreds digit of 88388404?
4
What is the hundred thousands digit of 3714376?
7
What is the hundred millions digit of 1415183055?
4
What is the tens digit of 241345447?
4
What is the thousands digit of 774417519?
7
What is the tens digit of 268827362?
6
What is the ten thousands digit of 255910765?
1
What is the thousands digit of 78140020?
0
What is the ten millions digit of 264060936?
6
What is the thousands digit of 3403774097?
4
What is the tens digit of 623906885?
8
What is the ten thousands digit of 135277912?
7
What is the ten thousands digit of 6153354431?
5
What is the hundred thousands digit of 16482778?
4
What is the units digit of 43565543?
3
What is the hundred thousands digit of 64898721?
8
What is the ten millions digit of 2141440043?
4
What is the hundred millions digit of 130877001?
1
What is the hundreds digit of 4551311302?
3
What is the hundreds digit of 2511170064?
0
What is the tens digit of 394705705?
0
What is the hundreds digit of 71929632?
6
What is the hundred thousands digit of 245149263?
1
What is the hundred millions digit of 814926213?
8
What is the ten millions digit of 91202527?
9
What is the units digit of 946321115?
5
What is the hundreds digit of 3447795405?
4
What is the ten millions digit of 416928039?
1
What is the millions digit of 274336186?
4
What is the hundreds digit of 100650214?
2
What is the units digit of 278493226?
6
What is the units digit of 828063876?
6
What is the hundred thousands digit of 1134289108?
2
What is the units digit of 681954096?
6
What is the units digit of 21388552?
2
What is the hundred millions digit of 387245339?
3
What is the tens digit of 190998364?
6
What is the hundred thousands digit of 63434840?
4
What is the ten millions digit of 172580251?
7
What is the hundreds digit of 44043437?
4
What is the millions digit of 54597548?
4
What is the units digit of 135610496?
6
What is the units digit of 191237159?
9
What is the units digit of 270209016?
6
What is the ten millions digit of 170758046?
7
What is the hundreds digit of 40545379?
3
What is the tens digit of 110146274?
7
What is the tens digit of 58845668?
6
What is the millions digit of 205672342?
5
What is the hundred thousands digit of 53467104?
4
What is the hundred millions digit of 7552028226?
5
What is the units digit of 286057795?
5
What is the units digit of 2224008731?
1
What is the millions digit of 285876999?
5
What is the units digit of 220786663?
3
What is the ten millions digit of 168653926?
6
What is the units digit of 388040028?
8
What is the billions digit of 2729830904?
2
What is the tens digit of 989344573?
7
What is the millions digit of 244902100?
4
